2, what is -10000001 + -100110000010101110?
-100110000100101111
In base 16, what is -655c68 + 18?
-655c50
In base 7, what is 253404156 + 0?
253404156
In base 4, what is -331 + 1312322033?
1312321102
In base 15, what is -4 - 473824?
-473828
In base 11, what is 341 - -a560?
a8a1
In base 10, what is 212017 - -56?
212073
In base 7, what is -2340303524 + -1?
-2340303525
In base 2, what is 11010 - 1001111011100111010011?
-1001111011100110111001
In base 16, what is -1445e9 - 4e?
-144637
In base 12, what is 953 + -2130?
-1399
In base 5, what is 10144233122 + 4?
10144233131
In base 5, what is 132200232 + -3320?
132141412
In base 5, what is 13411300222 - 12?
13411300210
In base 16, what is -4 + -258994e?
-2589952
In base 11, what is 4031a58 - 3?
4031a55
In base 13, what is 541 + -7836c?
-77b2b
In base 4, what is 1101131011 + 20?
1101131031
In base 6, what is -5 - -5431104254?
5431104245
In base 6, what is -3233525 + -2?
-3233531
In base 14, what is 7 + 1836c1c5?
1836c1cc
In base 15, what is 3071d640 + 3?
3071d643
In base 15, what is -2a74e4 - 177?
-2a766b
In base 2, what is -1111100111010 - -1100010111101?
-11001111101
In base 13, what is -50b + 5b291?
5aa83
In base 5, what is -10213021 - 23441?
-10242012
In base 12, what is -472ba + 13?
-472a7
In base 16, what is 5 - 6545996?
-6545991
In base 15, what is 10 - 48685?
-48675
In base 11, what is 0 - -1a27115?
1a27115
In base 11, what is 27 - -34a61?
34a88
In base 3, what is 12222 - -2211222222220?
2212000012212
In base 8, what is -74 - 26001414?
-26001510
In base 12, what is -112a171 - -2?
-112a16b
In base 4, what is 31132131011111 + -10?
31132131011101
In base 6, what is 5145 - -1154?
10343
In base 11, what is 7994959 - -9?
7994967
In base 15, what is 4d572 - 4a?
4d527
In base 13, what is 2083c040 + 0?
2083c040
In base 7, what is 4 - 116621454?
-116621450
In base 12, what is -1b8 + 6b5a6?
6b3aa
In base 13, what is 8c6729 - 0?
8c6729
In base 15, what is -150978 - -3?
-150975
In base 12, what is 3 + -53321b?
-533218
In base 9, what is -1074 - -12246?
11162
In base 6, what is 1523 - 12355253?
-12353330
In base 6, what is -3450423454 - -5?
-3450423445
In base 14, what is 110b + -77d7?
-66ca
In base 5, what is -11421 + -11332210?
-11344131
In base 5, what is -10 + -241341021334?
-241341021344
In base 11, what is -16276 + 803?
-15573
In base 7, what is 11351433 - -120?
11351553
In base 11, what is -6 - 2014055?
-2014060
In base 7, what is -46323355 + 64?
-46323261
In base 6, what is -154303254 - 5?
-154303303
In base 16, what is 7 - 955754?
-95574d
In base 6, what is -421125 - 2333?
-423502
In base 13, what is -2805 - 49?
-2851
In base 11, what is 238 + a17925?
a18062
In base 4, what is -13233 + -211232302?
-211312201
In base 16, what is 2 - 486ebef?
-486ebed
In base 11, what is 4 - 20559163?
-2055915a
In base 12, what is -51b1b4b + -4?
-51b1b53
In base 13, what is -1b01c - -243?
-1aaa9
In base 2, what is 10000000010101001111111011110 + 0?
10000000010101001111111011110
In base 9, what is -1006 - -58375?
57368
In base 2, what is -10110000000111001101000111 + 0?
-10110000000111001101000111
In base 11, what is 17735 - 1015?
16720
In base 7, what is 136033446 - -5?
136033454
In base 4, what is 0 - 322133211330?
-322133211330
In base 13, what is a3cb + 647?
aa45
In base 6, what is 4330 + -5420225?
-5411455
In base 16, what is -4 - 195c5aa?
-195c5ae
In base 4, what is -3302 + 103013?
33111
In base 9, what is -4 + -25453012?
-25453016
In base 16, what is -7 + -198c68?
-198c6f
In base 11, what is -5 - 966036?
-966040
In base 3, what is -20 + -10202000211202?
-10202000211222
In base 2, what is -1110 + 10000111100111000000001?
10000111100110111110011
In base 6, what is 22254 + 13223?
35521
In base 7, what is 5061 + 23142?
31233
In base 3, what is 10 - 112202102220220011?
-112202102220220001
In base 7, what is 1002244 - -362?
1002636
In base 5, what is 113413 - 14123?
44240
In base 9, what is 40748 + -17648?
22100
In base 11, what is -5a6 + 1384?
889
In base 9, what is -5 - -26077528?
26077523
In base 9, what is 482 - 467625?
-467133
In base 13, what is 20233 - 535?
1c9cb
In base 8, what is -607 - 6466724?
-6467533
In base 9, what is 1567 + 77107?
78675
In base 7, what is 1032 + -645216?
-644154
In base 10, what is 160497871 - 2?
160497869
In base 2, what is 10011 - 1111100100101100110110?
-1111100100101100100011
In base 12, what is 447b8163 + 0?
447b8163
In base 15, what is -716a99 - 6?
-716aa0
In base 13, what is -1a1a031 + -b6?
-1a1a117
In base 2, what is 100111101011 + 11001001001?
1000000110100
In base 9, what is -4 - -11542170?
11542165
In base 4, what is 3310200321112 + -11?
3310200321101
In base 9, what is -11788324 + 30?
-11788284
In base 7, what is 24515264 + -20?
24515244
In base 11, what is 44862 + 406?
45168
In base 6, what is 33344401 + 10?
33344411
In base 13, what is 583b + 4c6?
6034
In base 14, what is 1688693 + -49?
1688648
In base 10, what is 4 - -49558?
49562
In base 10, what is 670633 + -161?
670472
In base 16, what is 2c + -43d7a7?
-43d77b
In base 16, what is -c - -de1fa?
de1ee
In base 12, what is 4425 - -379b?
8004
In base 14, what is 391aa40 + 1?
391aa41
In base 6, what is -45312412 + -125?
-45312541
In base 16, what is 1 + -26b960c?
-26b960b
In base 5, what is 2 - 104410030033?
-104410030031
In base 12, what is -5ab - -14bba?
1460b
In base 6, what is 3 - 5034441525?
-5034441522
In base 3, what is -1210110 - 1210200100?
-1212110210
In base 15, what is 71c32 - -39?
71c6b
In base 8, what is -224575314 - 45?
-224575361
In base 7, what is 303 - 6355342?
-6355036
In base 15, what is 1 - 6b4ee7?
-6b4ee6
In base 8, what is -13 + -6246147?
-6246162
In base 8, what is -65140602 - -3?
-65140577
In base 8, what is 16 + 25572177?
25572215
In base 9, what is 3137 + -15742?
-12604
In base 13, what is 11 + ac9482?
ac9493
In base 11, what is -2967a + 11a?
-29560
In base 15, what is 3 - 246c0ea?
-246c0e7
In base 6, what is 5 - 12312451205?
-12312451200
In base 4, what is -1102 - -300221?
233113
In base 8, what is 5720403 - -11?
5720414
In base 3, what is -20220102100 - 10120?
-20220112220
In base 14, what is -510184 + 0?
-510184
In base 12, what is 36 - 8b1ba4?
-8b1b6a
In base 2, what is 11110100001101011101000 - -11?
11110100001101011101011
In base 16, what is 0 + 3241962?
3241962
In base 3, what is 21210200122001 - -101?
21210200122102
In base 11, what is 88561a5 - -13?
8856208
In base 3, what is -1210 + 201122012122?
201122010212
In base 5, what is -12201342 - 4421?
-12211313
In base 16, what is -2 - 13b068f?
-13b0691
In base 12, what is -37a + 706b?
68b1
In base 6, what is 141303 + -4220?
133043
In base 10, what is 15178 + -60?
15118
In base 11, what is -1 + 444108?
444107
In base 16, what is 120716 + 9d?
1207b3
In base 3, what is 1101 - -11120220121211?
11120220200012
In base 8, what is -530767 - 1424?
-532413
In base 9, what is 3 - -702270272?
702270275
In base 7, what is 110 - 52444526?
-52444416
In base 2, what is -100011101001011110 + -10100010?
-100011101100000000
In base 11, what is -333 + 3a3779?
3a3446
In base 12, what is -2 - -22a3048?
22a3046
In base 11, what is 1a54 - -107?
2060
In base 6, what is -340120105 - 5?
-340120114
In base 16, what is -5 - 17b83c?
-17b841
In base 11, what is -13571 + 3a0?
-13181
In base 12, what is -5 + 4256?
4251
In base 15, what is 116 - 1b2a?
-1a14
In base 14, what is -a2 + -31a83?
-31b45
In base 15, what is -d + -2b689?
-2b697
In base 3, what is -102112120201 - 10111?
-102112201012
In base 3, what is -120022100012 + 222?
-120022022020
In base 10, what is 50485 + 29?
50514
In base 13, what is 3c - 65148?
-65109
In base 10, what is -97853234 + -11?
-97853245
In base 11, what is 1755020 - 5?
1755016
In base 10, what is -33 - -640437?
640404
In base 3, what is -10010 - -12020101100?
12020021020
In base 12, what is -3546bbb + -29?
-3547028
In base 7, what is -613 - -23545101?
23544155
In base 8, what is 7 + 31337035?
31337044
In base 11, what is -581 - -9835?
9264
In base 11, what is -839400 - -18?
-839393
In base 2, what is -1000001000 + 101001?
-111011111
In base 2, what is 11010000111100100 + -100?
11010000111100000
In base 8, what is 241 + -14726453?
-14726212
In base 8, what is -274223267 - 1?
-274223270
In base 10, what is -2 + 7913355?
7913353
In base 4, what is